Convert -cc1cc (base 13) to base 9.
-622681
-120132303 (base 4) to base 6
-2052123
1380345 (base 10) to base 3
2121010110220
-1a8757 (base 12) to base 14
-c3975
What is -51351041 (base 6) in base 8?
-5503441
14515342 (base 8) to base 9
6214274
-23ae9 (base 16) to base 14
-3b397
-4232331 (base 5) to base 2
-10001010100110110
Convert -10044411 (base 5) to base 10.
-81231
1111000100010010000 (base 2) to base 10
493712
Convert -371291 (base 11) to base 7.
-4664166
What is -827666 (base 11) in base 16?
-1442bd
-1057791 (base 10) to base 5
-232322131
Convert -199461 (base 10) to base 11.
-126949
-299337 (base 13) to base 16
-f9039
What is 352b61 (base 12) in base 5?
204332124
102311213 (base 4) to base 9
126752
What is -10013312201 (base 4) in base 16?
-107da1
What is -24142141 (base 6) in base 12?
-307951
What is 10215564 (base 7) in base 5?
210032224
5214123 (base 8) to base 13
39534b
What is -1292791 (base 10) in base 15?
-1a80b1
562267 (base 13) to base 5
1010021043
-1bd10b (base 15) to base 3
-2120010001202
Convert -41904 (base 10) to base 16.
-a3b0
What is 2021021333 (base 4) in base 12?
23113b
Convert -40923a (base 16) to base 12.
-1500b0a
Convert 12543801 (base 9) to base 10.
6170176
Convert 738d (base 14) to base 10.
19921
Convert -171020 (base 9) to base 8.
-316373
-131510 (base 14) to base 3
-1020100222022
What is -110101010222 (base 3) in base 2?
-111011011110001001
What is 90289a (base 11) in base 12?
5a0b7a
Convert 1454594 (base 10) to base 4.
11203020002
Convert 22669 (base 15) to base 5.
12000244
What is 110001212222020 (base 3) in base 8?
30360162
What is 13042412 (base 5) in base 16?
1f371
Convert 386054 (base 9) to base 6.
5003334
-331065 (base 11) to base 2
-10000001000001011110
What is 180656 (base 9) in base 16?
1b5ca
-1010000100111101110 (base 2) to base 6
-11024450
-a9592 (base 11) to base 7
-1231556
807170 (base 12) to base 11
1148961
What is -3670a08 (base 12) in base 16?
-a1b4a8
Convert 114052314 (base 7) to base 16.
6be82d
Convert -117089 (base 11) to base 6.
-3544550
What is -20a7067 (base 14) in base 6?
-1311225443
Convert 10011111111010100 (base 2) to base 11.
56573
What is 1101210022200 (base 3) in base 16?
b5986
Convert 322001 (base 4) to base 13.
18c8
-2276065 (base 8) to base 11
-395040
2054510 (base 6) to base 12
4a436
Convert -19ba174 (base 12) to base 11.
-30a755a
Convert -428744 (base 11) to base 5.
-133410104
Convert -23211003 (base 5) to base 13.
-74849
2263769 (base 11) to base 9
7402301
-1100001010110000111100 (base 2) to base 9
-6001544
17c6 (base 15) to base 10
5136
What is 31730c (base 13) in base 12?
47a402
What is 110103100023 (base 4) in base 6?
310021403
Convert 54441374 (base 8) to base 10.
11682556
What is -1474144 (base 9) in base 8?
-3072731
Convert 1010001010011010 (base 2) to base 12.
2010a
What is 4bb0bc (base 13) in base 11?
1036168
-36289 (base 10) to base 13
-13696
-313764 (base 16) to base 3
-20001212110220
What is -10212021022 (base 3) in base 4?
-102203231
-2a4dd (base 14) to base 3
-12100101012
What is -1002012 (base 5) in base 16?
-3e0a
72bbc6 (base 13) to base 5
1141313421
What is 3dca3 (base 14) in base 4?
211131013
What is -59c34 (base 15) in base 12?
-1197a1
-1032707 (base 14) to base 9
-15352074
Convert -46482b (base 12) to base 5.
-242042333
What is 817134 (base 9) in base 13?
13c4b9
What is -3032112 (base 6) in base 14?
-3a856
What is 5bccda (base 14) in base 5?
1301202133
-110101110010111110 (base 2) to base 11
-140609
Convert 2285186 (base 10) to base 13.
6201a7
Convert 82464 (base 11) to base 16.
1d618
Convert -311313210 (base 4) to base 8.
-656744
141113 (base 10) to base 5
14003423
265c1 (base 13) to base 15
161db
Convert 24a8815 (base 13) to base 15.
101094b
-1121302000 (base 4) to base 15
-73e64
What is 37b65b (base 13) in base 4?
11012322313
What is -5820282 (base 9) in base 10?
-3142955
Convert -4344211 (base 5) to base 15.
-17306
1a05135 (base 13) to base 10
8550937
What is -1043251 (base 6) in base 5?
-3140331
4492747 (base 10) to base 6
240143431
Convert 13320330 (base 4) to base 6.
405340
What is -11001212110010 (base 3) in base 10?
-2162541
Convert 44481 (base 14) to base 4.
220122201
Convert 68917 (base 10) to base 12.
33a71
Convert 1850a6 (base 11) to base 15.
5966a
Convert 1010001010000010010101 (base 2) to base 10.
2662549
-bb0ab (base 13) to base 3
-122012022021
5b8cd (base 14) to base 7
1622046
-34764b9 (base 12) to base 8
-46441115
Convert 1362288 (base 9) to base 12.
3019b2
22307570 (base 8) to base 5
2213231411
What is -74e22d (base 16) in base 3?
-112102011122120
Convert 103573 (base 10) to base 5.
11303243
What is -20f22e (base 16) in base 2?
-1000001111001000101110
What is 485746 (base 10) in base 5?
111020441
What is -390775a (base 12) in base 3?
-210002120001221
Convert -407416 (base 9) to base 10.
-241638
Convert 123000122 (base 4) to base 3.
12121201222
Convert -7e4cc (base 16) to base 14.
-d675a
Convert 40220 (base 15) to base 6.
4203420
What is 10100001001011011 (base 2) in base 7?
462410
Convert -202112100000 (base 3) to base 13.
-111c24
Convert 260362 (base 12) to base 6.
21202202
Convert 101110110011000110110 (base 2) to base 15.
20457e
What is -215221003 (base 6) in base 9?
-7280163
What is 121232231 (base 4) in base 13?
38c7b
a5cc8 (base 13) to base 5
34030122
-b89a3 (base 13) to base 9
-557305
Convert -285059 (base 13) to base 5.
-222412013
What is 3120133 (base 4) in base 9?
21004
What is 14258 (base 10) in base 11?
a792
Convert -526160 (base 8) to base 4.
-222301300
What is 11250424 (base 7) in base 13?
287350
-30110300 (base 4) to base 9
-76218
What is 11101001101111010 (base 2) in base 6?
2322014
2442302 (base 6) to base 8
376136
Convert 1305346 (base 10) to base 12.
52b4aa
What is 480b2 (base 14) in base 16?
2ae9c
What is 20432110 (base 5) in base 11?
107449
Convert 105515 (base 16) to base 12.
437505
Convert -283065 (base 11) to base 12.
-194652
Convert 53b702 (base 12) to base 5.
314421021
What is -82a125 (base 15) in base 13?
-1395914
Convert 66661 (base 8) to base 12.
14301
-102032012 (base 4) to base 2
-10010001110000110
Convert 545475 (base 11) to base 15.
123145
What is 110110001 (base 5) in base 9?
800131
What is -3280810 (base 9) in base 11?
-aa6550
What is -1cd9b (base 15) in base 10?
-94196
Convert -130310 (base 6) to base 7.
-46224
Convert -36a79 (base 12) to base 3.
-10202122210
Convert -4aec94 (base 16) to base 13.
-102bc7b
Convert 186a1 (base 14) to base 15.
13425
Convert 46778 (base 10) to base 7.
253244
Convert 60540545 (base 7) to base 8.
23152247
What is -1101010100000010 (base 2) in base 10?
-54530
2a08872 (base 12) to base 8
40251326
Convert 101100110110011011 (base 2) to base 7.
1363406
Convert c69d5a (base 14) to base 13.
150cc33
What is -121202202012 (base 3) in base 16?
-50945
What is -10868a6 (base 12) in base 13?
-869c07
Convert 121aa3 (base 11) to base 4.
233013123
23427a (base 15) to base 5
412402230
Convert -4325404 (base 7) to base 8.
-2006566
20130101120 (base 4) to base 9
4142535
What is 36c10b (base 13) in base 2?
101000000010000101101
125c4a (base 13) to base 10
441490
Convert -340705 (base 10) to base 9.
-568321
168518 (base 9) to base 6
2124325
Convert -2659008 (base 11) to base 15.
-60b580
What is -16682860 (base 9) in base 13?
-1975713
13264 (base 13) to base 6
432404
What is -11001001010001101000 (base 2) in base 6?
-25400440
-cb1c (base 13) to base 9
-42666
-14310012 (base 6) to base 13
-142760
1660662 (base 12) to base 9
8586852
1136004 (base 7) to base 12
6b209
What is -1011100111001110101 (base 2) in base 7?
-3143266
5120123 (base 7) to base 8
2247200
Convert 2060932 (base 10) to base 9.
3781054
What is -1580739 (base 12) in base 10?
-4397085
706482 (base 11) to base 16
11552d
Convert a473ba (base 13) to base 10.
3843213
1224456 (base 7) to base 16
267ea
33665 (base 8) to base 4
3132311
What is 41388 (base 10) in base 8?
120654
Convert 8485574 (base 11) to base 13.
3131931
What is 30470046 (base 8) in base 15?
876728
Convert -22201103223 (base 4) to base 2.
-1010100001010011101011
Convert -4103033 (base 8) to base 9.
-2030420
What is -2421974 (base 13) in base 16?
-aae4ed
20222212010111 (base 3) to base 10
3717265
What is -a46593 (base 13) in base 8?
-16516451
What is 73684 (base 13) in b